{"id":17,"date":"2017-05-25T23:32:28","date_gmt":"2017-05-25T21:32:28","guid":{"rendered":"http:\/\/www.ecosolidaire.fr\/amapenbetton\/?page_id=17"},"modified":"2026-02-05T16:52:58","modified_gmt":"2026-02-05T15:52:58","slug":"home-page","status":"publish","type":"page","link":"https:\/\/www.ecosolidaire.fr\/amapenbetton\/","title":{"rendered":"home_page"},"content":{"rendered":"<div id=\"pl-17\"  class=\"panel-layout\" ><div id=\"pg-17-0\"  class=\"panel-grid panel-has-style\" ><div class=\"panel-row-style panel-row-style-for-17-0\" ><div id=\"pgc-17-0-0\"  class=\"panel-grid-cell\" ><div id=\"panel-17-0-0-0\" class=\"so-panel widget widget_metaslider_widget panel-first-child\" data-index=\"0\" ><div class=\"panel-widget-style panel-widget-style-for-17-0-0-0\" ><div id=\"metaslider-id-35\" style=\"width: 100%;\" class=\"ml-slider-3-105-0 metaslider metaslider-flex metaslider-35 ml-slider ms-theme-default nav-hidden\" role=\"region\" aria-label=\"Production\" data-height=\"300\" data-width=\"803\">\n    <div id=\"metaslider_container_35\">\n        <div id=\"metaslider_35\">\n            <ul class='slides'>\n                <li style=\"display: block; width: 100%;\" class=\"slide-62 ms-image \" aria-roledescription=\"slide\" data-date=\"2017-06-06 16:07:29\" data-filename=\"P1090898-803x300.jpg\" data-slide-type=\"image\"><img loading=\"lazy\" decoding=\"async\" src=\"https:\/\/www.ecosolidaire.fr\/amapenbetton\/wp-content\/uploads\/2017\/06\/P1090898-803x300.jpg\" height=\"300\" width=\"803\" alt=\"\" class=\"slider-35 slide-62 msDefaultImage\" \/><div class=\"caption-wrap\"><div class=\"caption\">photographi\u00e9 chez Brice<\/div><\/div><\/li>\n                <li style=\"display: none; width: 100%;\" class=\"slide-63 ms-image \" aria-roledescription=\"slide\" data-date=\"2017-06-06 16:07:29\" data-filename=\"P1090897-803x300.jpg\" data-slide-type=\"image\"><img loading=\"lazy\" decoding=\"async\" src=\"https:\/\/www.ecosolidaire.fr\/amapenbetton\/wp-content\/uploads\/2017\/06\/P1090897-803x300.jpg\" height=\"300\" width=\"803\" alt=\"\" class=\"slider-35 slide-63 msDefaultImage\" \/><div class=\"caption-wrap\"><div class=\"caption\">photographi\u00e9 chez Brice<\/div><\/div><\/li>\n                <li style=\"display: none; width: 100%;\" class=\"slide-64 ms-image \" aria-roledescription=\"slide\" data-date=\"2017-06-06 16:07:29\" data-filename=\"P1090895-803x300.jpg\" data-slide-type=\"image\"><img loading=\"lazy\" decoding=\"async\" src=\"https:\/\/www.ecosolidaire.fr\/amapenbetton\/wp-content\/uploads\/2017\/06\/P1090895-803x300.jpg\" height=\"300\" width=\"803\" alt=\"\" class=\"slider-35 slide-64 msDefaultImage\" \/><div class=\"caption-wrap\"><div class=\"caption\">photographi\u00e9 chez Brice<\/div><\/div><\/li>\n                <li style=\"display: none; width: 100%;\" class=\"slide-65 ms-image \" aria-roledescription=\"slide\" data-date=\"2017-06-06 16:07:30\" data-filename=\"P1090892-803x300.jpg\" data-slide-type=\"image\"><img loading=\"lazy\" decoding=\"async\" src=\"https:\/\/www.ecosolidaire.fr\/amapenbetton\/wp-content\/uploads\/2017\/06\/P1090892-803x300.jpg\" height=\"300\" width=\"803\" alt=\"\" class=\"slider-35 slide-65 msDefaultImage\" \/><div class=\"caption-wrap\"><div class=\"caption\">photographi\u00e9 chez Brice<\/div><\/div><\/li>\n                <li style=\"display: none; width: 100%;\" class=\"slide-66 ms-image \" aria-roledescription=\"slide\" data-date=\"2017-06-06 16:07:30\" data-filename=\"P1090891-803x300.jpg\" data-slide-type=\"image\"><img loading=\"lazy\" decoding=\"async\" src=\"https:\/\/www.ecosolidaire.fr\/amapenbetton\/wp-content\/uploads\/2017\/06\/P1090891-803x300.jpg\" height=\"300\" width=\"803\" alt=\"\" class=\"slider-35 slide-66 msDefaultImage\" \/><div class=\"caption-wrap\"><div class=\"caption\">photographi\u00e9 chez Brice<\/div><\/div><\/li>\n                <li style=\"display: none; width: 100%;\" class=\"slide-67 ms-image \" aria-roledescription=\"slide\" data-date=\"2017-06-06 16:07:30\" data-filename=\"P1090889-803x300.jpg\" data-slide-type=\"image\"><img loading=\"lazy\" decoding=\"async\" src=\"https:\/\/www.ecosolidaire.fr\/amapenbetton\/wp-content\/uploads\/2017\/06\/P1090889-803x300.jpg\" height=\"300\" width=\"803\" alt=\"\" class=\"slider-35 slide-67 msDefaultImage\" \/><div class=\"caption-wrap\"><div class=\"caption\">photographi\u00e9 chez Brice<\/div><\/div><\/li>\n                <li style=\"display: none; width: 100%;\" class=\"slide-68 ms-image \" aria-roledescription=\"slide\" data-date=\"2017-06-06 16:07:30\" data-filename=\"P1090887-803x300.jpg\" data-slide-type=\"image\"><img loading=\"lazy\" decoding=\"async\" src=\"https:\/\/www.ecosolidaire.fr\/amapenbetton\/wp-content\/uploads\/2017\/06\/P1090887-803x300.jpg\" height=\"300\" width=\"803\" alt=\"\" class=\"slider-35 slide-68 msDefaultImage\" \/><div class=\"caption-wrap\"><div class=\"caption\">photographi\u00e9 chez Brice<\/div><\/div><\/li>\n                <li style=\"display: none; width: 100%;\" class=\"slide-69 ms-image \" aria-roledescription=\"slide\" data-date=\"2017-06-06 16:07:30\" data-filename=\"P1090886-803x300.jpg\" data-slide-type=\"image\"><img loading=\"lazy\" decoding=\"async\" src=\"https:\/\/www.ecosolidaire.fr\/amapenbetton\/wp-content\/uploads\/2017\/06\/P1090886-803x300.jpg\" height=\"300\" width=\"803\" alt=\"\" class=\"slider-35 slide-69 msDefaultImage\" \/><div class=\"caption-wrap\"><div class=\"caption\">photographi\u00e9 chez Brice<\/div><\/div><\/li>\n                <li style=\"display: none; width: 100%;\" class=\"slide-70 ms-image \" aria-roledescription=\"slide\" data-date=\"2017-06-06 16:07:31\" data-filename=\"P1090885-803x300.jpg\" data-slide-type=\"image\"><img loading=\"lazy\" decoding=\"async\" src=\"https:\/\/www.ecosolidaire.fr\/amapenbetton\/wp-content\/uploads\/2017\/06\/P1090885-803x300.jpg\" height=\"300\" width=\"803\" alt=\"\" class=\"slider-35 slide-70 msDefaultImage\" \/><div class=\"caption-wrap\"><div class=\"caption\">photographi\u00e9 chez Brice<\/div><\/div><\/li>\n                <li style=\"display: none; width: 100%;\" class=\"slide-71 ms-image \" aria-roledescription=\"slide\" data-date=\"2017-06-06 16:07:31\" data-filename=\"P1090884-803x300.jpg\" data-slide-type=\"image\"><img loading=\"lazy\" decoding=\"async\" src=\"https:\/\/www.ecosolidaire.fr\/amapenbetton\/wp-content\/uploads\/2017\/06\/P1090884-803x300.jpg\" height=\"300\" width=\"803\" alt=\"\" class=\"slider-35 slide-71 msDefaultImage\" \/><div class=\"caption-wrap\"><div class=\"caption\">photographi\u00e9 chez Brice<\/div><\/div><\/li>\n                <li style=\"display: none; width: 100%;\" class=\"slide-72 ms-image \" aria-roledescription=\"slide\" data-date=\"2017-06-06 16:07:31\" data-filename=\"P1090883-803x300.jpg\" data-slide-type=\"image\"><img loading=\"lazy\" decoding=\"async\" src=\"https:\/\/www.ecosolidaire.fr\/amapenbetton\/wp-content\/uploads\/2017\/06\/P1090883-803x300.jpg\" height=\"300\" width=\"803\" alt=\"\" class=\"slider-35 slide-72 msDefaultImage\" \/><div class=\"caption-wrap\"><div class=\"caption\">photographi\u00e9 chez Brice<\/div><\/div><\/li>\n                <li style=\"display: none; width: 100%;\" class=\"slide-73 ms-image \" aria-roledescription=\"slide\" data-date=\"2017-06-06 16:07:31\" data-filename=\"P1090879-803x300.jpg\" data-slide-type=\"image\"><img loading=\"lazy\" decoding=\"async\" src=\"https:\/\/www.ecosolidaire.fr\/amapenbetton\/wp-content\/uploads\/2017\/06\/P1090879-803x300.jpg\" height=\"300\" width=\"803\" alt=\"\" class=\"slider-35 slide-73 msDefaultImage\" \/><div class=\"caption-wrap\"><div class=\"caption\">photographi\u00e9 chez Brice<\/div><\/div><\/li>\n                <li style=\"display: none; width: 100%;\" class=\"slide-74 ms-image \" aria-roledescription=\"slide\" data-date=\"2017-06-06 16:07:31\" data-filename=\"P1090878-803x300.jpg\" data-slide-type=\"image\"><img loading=\"lazy\" decoding=\"async\" src=\"https:\/\/www.ecosolidaire.fr\/amapenbetton\/wp-content\/uploads\/2017\/06\/P1090878-803x300.jpg\" height=\"300\" width=\"803\" alt=\"\" class=\"slider-35 slide-74 msDefaultImage\" \/><div class=\"caption-wrap\"><div class=\"caption\">photographi\u00e9 chez Brice : hum...les bonnes tomates!<\/div><\/div><\/li>\n                <li style=\"display: none; width: 100%;\" class=\"slide-75 ms-image \" aria-roledescription=\"slide\" data-date=\"2017-06-06 16:07:32\" data-filename=\"P1090875-803x300.jpg\" data-slide-type=\"image\"><img loading=\"lazy\" decoding=\"async\" src=\"https:\/\/www.ecosolidaire.fr\/amapenbetton\/wp-content\/uploads\/2017\/06\/P1090875-803x300.jpg\" height=\"300\" width=\"803\" alt=\"\" class=\"slider-35 slide-75 msDefaultImage\" \/><div class=\"caption-wrap\"><div class=\"caption\">photographi\u00e9 chez Brice<\/div><\/div><\/li>\n                <li style=\"display: none; width: 100%;\" class=\"slide-76 ms-image \" aria-roledescription=\"slide\" data-date=\"2017-06-06 16:07:32\" data-filename=\"P1090874-803x300.jpg\" data-slide-type=\"image\"><img loading=\"lazy\" decoding=\"async\" src=\"https:\/\/www.ecosolidaire.fr\/amapenbetton\/wp-content\/uploads\/2017\/06\/P1090874-803x300.jpg\" height=\"300\" width=\"803\" alt=\"\" class=\"slider-35 slide-76 msDefaultImage\" \/><div class=\"caption-wrap\"><div class=\"caption\">photographi\u00e9 chez Brice : le tracteur .... moins bio que le reste  \ud83d\ude09<\/div><\/div><\/li>\n                <li style=\"display: none; width: 100%;\" class=\"slide-77 ms-image \" aria-roledescription=\"slide\" data-date=\"2017-06-06 16:07:32\" data-filename=\"P1090872-803x300.jpg\" data-slide-type=\"image\"><img loading=\"lazy\" decoding=\"async\" src=\"https:\/\/www.ecosolidaire.fr\/amapenbetton\/wp-content\/uploads\/2017\/06\/P1090872-803x300.jpg\" height=\"300\" width=\"803\" alt=\"\" class=\"slider-35 slide-77 msDefaultImage\" \/><div class=\"caption-wrap\"><div class=\"caption\">photographi\u00e9 chez Brice<\/div><\/div><\/li>\n                <li style=\"display: none; width: 100%;\" class=\"slide-78 ms-image \" aria-roledescription=\"slide\" data-date=\"2017-06-06 16:07:32\" data-filename=\"20151101_155443-803x300.jpg\" data-slide-type=\"image\"><img loading=\"lazy\" decoding=\"async\" src=\"https:\/\/www.ecosolidaire.fr\/amapenbetton\/wp-content\/uploads\/2017\/06\/20151101_155443-803x300.jpg\" height=\"300\" width=\"803\" alt=\"\" class=\"slider-35 slide-78 msDefaultImage\" \/><div class=\"caption-wrap\"><div class=\"caption\">photographi\u00e9 chez Brice<\/div><\/div><\/li>\n                <li style=\"display: none; width: 100%;\" class=\"slide-79 ms-image \" aria-roledescription=\"slide\" data-date=\"2017-06-06 16:07:33\" data-filename=\"20151101_155428-803x300.jpg\" data-slide-type=\"image\"><img loading=\"lazy\" decoding=\"async\" src=\"https:\/\/www.ecosolidaire.fr\/amapenbetton\/wp-content\/uploads\/2017\/06\/20151101_155428-803x300.jpg\" height=\"300\" width=\"803\" alt=\"\" class=\"slider-35 slide-79 msDefaultImage\" \/><div class=\"caption-wrap\"><div class=\"caption\">photographi\u00e9 chez Brice<\/div><\/div><\/li>\n                <li style=\"display: none; width: 100%;\" class=\"slide-80 ms-image \" aria-roledescription=\"slide\" data-date=\"2017-06-06 16:07:33\" data-filename=\"20151101_155417-803x300.jpg\" data-slide-type=\"image\"><img loading=\"lazy\" decoding=\"async\" src=\"https:\/\/www.ecosolidaire.fr\/amapenbetton\/wp-content\/uploads\/2017\/06\/20151101_155417-803x300.jpg\" height=\"300\" width=\"803\" alt=\"\" class=\"slider-35 slide-80 msDefaultImage\" \/><div class=\"caption-wrap\"><div class=\"caption\">photographi\u00e9 chez Brice<\/div><\/div><\/li>\n                <li style=\"display: none; width: 100%;\" class=\"slide-81 ms-image \" aria-roledescription=\"slide\" data-date=\"2017-06-06 16:07:33\" data-filename=\"20151101_155327-803x300.jpg\" data-slide-type=\"image\"><img loading=\"lazy\" decoding=\"async\" src=\"https:\/\/www.ecosolidaire.fr\/amapenbetton\/wp-content\/uploads\/2017\/06\/20151101_155327-803x300.jpg\" height=\"300\" width=\"803\" alt=\"\" class=\"slider-35 slide-81 msDefaultImage\" \/><div class=\"caption-wrap\"><div class=\"caption\">photographi\u00e9 chez Brice : Silence ! \u00e7\u00e0 pousse!<\/div><\/div><\/li>\n                <li style=\"display: none; width: 100%;\" class=\"slide-82 ms-image \" aria-roledescription=\"slide\" data-date=\"2017-06-06 16:07:33\" data-filename=\"20151101_155259-803x300.jpg\" data-slide-type=\"image\"><img loading=\"lazy\" decoding=\"async\" src=\"https:\/\/www.ecosolidaire.fr\/amapenbetton\/wp-content\/uploads\/2017\/06\/20151101_155259-803x300.jpg\" height=\"300\" width=\"803\" alt=\"\" class=\"slider-35 slide-82 msDefaultImage\" \/><div class=\"caption-wrap\"><div class=\"caption\">photographi\u00e9 chez Brice<\/div><\/div><\/li>\n                <li style=\"display: none; width: 100%;\" class=\"slide-83 ms-image \" aria-roledescription=\"slide\" data-date=\"2017-06-06 16:07:34\" data-filename=\"20151101_155230-803x300.jpg\" data-slide-type=\"image\"><img loading=\"lazy\" decoding=\"async\" src=\"https:\/\/www.ecosolidaire.fr\/amapenbetton\/wp-content\/uploads\/2017\/06\/20151101_155230-803x300.jpg\" height=\"300\" width=\"803\" alt=\"\" class=\"slider-35 slide-83 msDefaultImage\" \/><div class=\"caption-wrap\"><div class=\"caption\">photographi\u00e9 chez Brice :  magnifique composition!<\/div><\/div><\/li>\n                <li style=\"display: none; width: 100%;\" class=\"slide-84 ms-image \" aria-roledescription=\"slide\" data-date=\"2017-06-06 16:07:34\" data-filename=\"20151101_155216-803x300.jpg\" data-slide-type=\"image\"><img loading=\"lazy\" decoding=\"async\" src=\"https:\/\/www.ecosolidaire.fr\/amapenbetton\/wp-content\/uploads\/2017\/06\/20151101_155216-803x300.jpg\" height=\"300\" width=\"803\" alt=\"\" class=\"slider-35 slide-84 msDefaultImage\" \/><div class=\"caption-wrap\"><div class=\"caption\">photographi\u00e9 chez Brice<\/div><\/div><\/li>\n                <li style=\"display: none; width: 100%;\" class=\"slide-85 ms-image \" aria-roledescription=\"slide\" data-date=\"2017-06-06 16:07:34\" data-filename=\"20151101_154858-803x300.jpg\" data-slide-type=\"image\"><img loading=\"lazy\" decoding=\"async\" src=\"https:\/\/www.ecosolidaire.fr\/amapenbetton\/wp-content\/uploads\/2017\/06\/20151101_154858-803x300.jpg\" height=\"300\" width=\"803\" alt=\"\" class=\"slider-35 slide-85 msDefaultImage\" \/><div class=\"caption-wrap\"><div class=\"caption\">photographi\u00e9 chez Brice<\/div><\/div><\/li>\n                <li style=\"display: none; width: 100%;\" class=\"slide-86 ms-image \" aria-roledescription=\"slide\" data-date=\"2017-06-06 16:07:35\" data-filename=\"20151101_154746-803x300.jpg\" data-slide-type=\"image\"><img loading=\"lazy\" decoding=\"async\" src=\"https:\/\/www.ecosolidaire.fr\/amapenbetton\/wp-content\/uploads\/2017\/06\/20151101_154746-803x300.jpg\" height=\"300\" width=\"803\" alt=\"\" class=\"slider-35 slide-86 msDefaultImage\" \/><div class=\"caption-wrap\"><div class=\"caption\">photographi\u00e9 chez Brice<\/div><\/div><\/li>\n                <li style=\"display: none; width: 100%;\" class=\"slide-87 ms-image \" aria-roledescription=\"slide\" data-date=\"2017-06-06 16:07:35\" data-filename=\"20151101_154241-803x300.jpg\" data-slide-type=\"image\"><img loading=\"lazy\" decoding=\"async\" src=\"https:\/\/www.ecosolidaire.fr\/amapenbetton\/wp-content\/uploads\/2017\/06\/20151101_154241-803x300.jpg\" height=\"300\" width=\"803\" alt=\"\" class=\"slider-35 slide-87 msDefaultImage\" \/><div class=\"caption-wrap\"><div class=\"caption\">photographi\u00e9 chez Brice <\/div><\/div><\/li>\n            <\/ul>\n        <\/div>\n        \n    <\/div>\n<\/div><\/div><\/div><div id=\"panel-17-0-0-1\" class=\"so-panel widget widget_sow-editor\" data-index=\"1\" ><div\n\t\t\t\n\t\t\tclass=\"so-widget-sow-editor so-widget-sow-editor-base\"\n\t\t\t\n\t\t>\n<div class=\"siteorigin-widget-tinymce textwidget\">\n\t<p>AMAPenBetton vous propose&nbsp; chaque semaine :<\/p>\n<ul>\n<li>1 panier de l\u00e9gumes\/fruits bio&nbsp; , produits par <a href=\"http:\/\/www.ecosolidaire.fr\/amapenbetton\/brice\/\"><strong>Brice<\/strong> <\/a><\/li>\n<li>du pain&nbsp; bio , produit par <strong><a href=\"http:\/\/www.ecosolidaire.fr\/amapenbetton\/adeline\/\">Adeline <\/a><\/strong><\/li>\n<li>des oeufs\/volailles\/porcs bio,&nbsp; produits par <a href=\"http:\/\/www.ecosolidaire.fr\/amapenbetton\/virginie\/\"><strong>Virginie<\/strong> <\/a><\/li>\n<li>des&nbsp; laitages,&nbsp; produits par <a href=\"https:\/\/www.ecosolidaire.fr\/amapenbetton\/emilien-et-philippe\/\"><strong>Emilien et Philippe <\/strong><\/a><\/li>\n<\/ul>\n<p>La distribution s'effectue chaque jeudi de 18h30 \u00e0 19h45&nbsp; \u00e0 la ferme de la Chaperonnais , en pr\u00e9sence des producteurs et de 2&nbsp; volontaires AMAPiens qui aident \u00e0 la logistique<\/p>\n<p><img loading=\"lazy\" decoding=\"async\" class=\"alignnone size-full wp-image-656\" src=\"https:\/\/www.ecosolidaire.fr\/amapenbetton\/wp-content\/uploads\/2025\/09\/Capture-decran-2025-09-01-174438.png\" alt=\"\" width=\"647\" height=\"449\" srcset=\"https:\/\/www.ecosolidaire.fr\/amapenbetton\/wp-content\/uploads\/2025\/09\/Capture-decran-2025-09-01-174438.png 647w, https:\/\/www.ecosolidaire.fr\/amapenbetton\/wp-content\/uploads\/2025\/09\/Capture-decran-2025-09-01-174438-300x208.png 300w, https:\/\/www.ecosolidaire.fr\/amapenbetton\/wp-content\/uploads\/2025\/09\/Capture-decran-2025-09-01-174438-400x278.png 400w\" sizes=\"auto, (max-width: 647px) 100vw, 647px\" \/><\/p>\n<p>Les adh\u00e9sions sont renouvel\u00e9es au d\u00e9but de chaque ann\u00e9e scolaire, avec signature d'un contrat annuel avec chaque producteur.<br \/>\n<strong>==&gt; Pour acc\u00e9der au&nbsp; fonctionnement d\u00e9taill\u00e9 de l'association, et voir les diff\u00e9rents contrats possibles :&nbsp; <\/strong><a href=\"http:\/\/www.ecosolidaire.fr\/amapenbetton\/association\/\"><strong>cliquer ici <\/strong><\/a><\/p>\n<h4><strong>&nbsp;<\/strong><\/h4>\n<\/div>\n<\/div><\/div><div id=\"panel-17-0-0-2\" class=\"so-panel widget widget_sow-button panel-last-child\" data-index=\"2\" ><div\n\t\t\t\n\t\t\tclass=\"so-widget-sow-button so-widget-sow-button-atom-cddf2a3339ab-17\"\n\t\t\t\n\t\t><div class=\"ow-button-base ow-button-align-justify\"\n style=\"display: block;\">\n\t\t\t<a\n\t\t\t\t\thref=\"https:\/\/www.ecosolidaire.fr\/amapenbetton\/contactez-nous\/\"\n\t\t\t\t\tclass=\"sowb-button ow-icon-placement-left ow-button-hover\" \t>\n\t\t<span>\n\t\t\t\n\t\t\tContactez-nous\t\t<\/span>\n\t\t\t<\/a>\n\t<\/div>\n<\/div><\/div><\/div><div id=\"pgc-17-0-1\"  class=\"panel-grid-cell\" ><div id=\"panel-17-0-1-0\" class=\"so-panel widget panel-first-child\" data-index=\"3\" ><\/div><div id=\"panel-17-0-1-1\" class=\"so-panel widget widget_wp-notes-class wp-notes-class-widget panel-last-child\" data-index=\"4\" >  <div class=\"wp-notes-widget-container use-wp-notes-style  wp-notes-no-title\">\r\n  <div class=\"wp-notes-widget  do-not-force-uppercase font-style-courgette background-colour-green text-colour-dark-grey font-size-normal \">\r\n    <div class=\"header-area\">\r\n      <div class=\"pushpin thumb-tack-colour-yellow \"><\/div>\r\n              <h3 class=\"wp-notes-widget-hidden\" >Notes<\/h3>\r\n          <\/div>\r\n    <ul class=\"wp-notes-widget-list  no-title\" >\r\n            \r\n        <li >\r\n    <h5>Inscription sur liste d&rsquo;attente pour la saison 2026-2027<\/h5>\r\n    \r\n    \r\n    \r\n            \r\n         \r\n\r\n      \r\n    \r\n    <p>Bonjour,<br \/>\nNotre nouvelle &quot;saison&quot; commencera d\u00e9but octobre 2026.<br \/>\nLes paniers de l\u00e9gumes (uniquement) sont soumis \u00e0 liste d&#039;attente.<br \/>\nPour vous inscrire, cliquez sur le bouton ci-dessous<\/p>\n            <p><a target=\"_blank\" class=\"wp-notes-action-link\" href=\"https:\/\/framaforms.org\/inscription-sur-liste-dattente-amap-en-betton-pour-lannee-2026-2027-1770304291\">Inscription sur liste d'attente<\/a><\/p>   \r\n    \r\n    \r\n  <\/li>\r\n        \r\n    <\/ul>\r\n\r\n    <\/div>\r\n<\/div><\/div><\/div><\/div><\/div><\/div>","protected":false},"excerpt":{"rendered":"<p>AMAPenBetton vous propose&nbsp; chaque semaine : 1 panier de l\u00e9gumes\/fruits bio&nbsp; , produits par Brice du pain&nbsp; bio , produit [&hellip;]<\/p>\n","protected":false},"author":1,"featured_media":0,"parent":0,"menu_order":0,"comment_status":"closed","ping_status":"closed","template":"","meta":{"site-sidebar-layout":"default","site-content-layout":"","ast-site-content-layout":"default","site-content-style":"default","site-sidebar-style":"default","ast-global-header-display":"","ast-banner-title-visibility":"","ast-main-header-display":"","ast-hfb-above-header-display":"","ast-hfb-below-header-display":"","ast-hfb-mobile-header-display":"","site-post-title":"disabled","ast-breadcrumbs-content":"","ast-featured-img":"","footer-sml-layout":"","ast-disable-related-posts":"","theme-transparent-header-meta":"default","adv-header-id-meta":"","stick-header-meta":"","header-above-stick-meta":"","header-main-stick-meta":"","header-below-stick-meta":"","astra-migrate-meta-layouts":"set","ast-page-background-enabled":"default","ast-page-background-meta":{"desktop":{"background-color":"var(--ast-global-color-5)","background-image":"","background-repeat":"repeat","background-position":"center center","background-size":"auto","background-attachment":"scroll","background-type":"","background-media":"","overlay-type":"","overlay-color":"","overlay-opacity":"","overlay-gradient":""},"tablet":{"background-color":"","background-image":"","background-repeat":"repeat","background-position":"center center","background-size":"auto","background-attachment":"scroll","background-type":"","background-media":"","overlay-type":"","overlay-color":"","overlay-opacity":"","overlay-gradient":""},"mobile":{"background-color":"","background-image":"","background-repeat":"repeat","background-position":"center center","background-size":"auto","background-attachment":"scroll","background-type":"","background-media":"","overlay-type":"","overlay-color":"","overlay-opacity":"","overlay-gradient":""}},"ast-content-background-meta":{"desktop":{"background-color":"var(--ast-global-color-4)","background-image":"","background-repeat":"repeat","background-position":"center center","background-size":"auto","background-attachment":"scroll","background-type":"","background-media":"","overlay-type":"","overlay-color":"","overlay-opacity":"","overlay-gradient":""},"tablet":{"background-color":"var(--ast-global-color-4)","background-image":"","background-repeat":"repeat","background-position":"center center","background-size":"auto","background-attachment":"scroll","background-type":"","background-media":"","overlay-type":"","overlay-color":"","overlay-opacity":"","overlay-gradient":""},"mobile":{"background-color":"var(--ast-global-color-4)","background-image":"","background-repeat":"repeat","background-position":"center center","background-size":"auto","background-attachment":"scroll","background-type":"","background-media":"","overlay-type":"","overlay-color":"","overlay-opacity":"","overlay-gradient":""}},"ngg_post_thumbnail":0,"footnotes":""},"class_list":["post-17","page","type-page","status-publish","hentry"],"_links":{"self":[{"href":"https:\/\/www.ecosolidaire.fr\/amapenbetton\/wp-json\/wp\/v2\/pages\/17","targetHints":{"allow":["GET"]}}],"collection":[{"href":"https:\/\/www.ecosolidaire.fr\/amapenbetton\/wp-json\/wp\/v2\/pages"}],"about":[{"href":"https:\/\/www.ecosolidaire.fr\/amapenbetton\/wp-json\/wp\/v2\/types\/page"}],"author":[{"embeddable":true,"href":"https:\/\/www.ecosolidaire.fr\/amapenbetton\/wp-json\/wp\/v2\/users\/1"}],"replies":[{"embeddable":true,"href":"https:\/\/www.ecosolidaire.fr\/amapenbetton\/wp-json\/wp\/v2\/comments?post=17"}],"version-history":[{"count":115,"href":"https:\/\/www.ecosolidaire.fr\/amapenbetton\/wp-json\/wp\/v2\/pages\/17\/revisions"}],"predecessor-version":[{"id":676,"href":"https:\/\/www.ecosolidaire.fr\/amapenbetton\/wp-json\/wp\/v2\/pages\/17\/revisions\/676"}],"wp:attachment":[{"href":"https:\/\/www.ecosolidaire.fr\/amapenbetton\/wp-json\/wp\/v2\/media?parent=17"}],"curies":[{"name":"wp","href":"https:\/\/api.w.org\/{rel}","templated":true}]}}